= 4*m - v. Calculate the remainder when m is divided by 5.
1
Suppose 50*k = 56*k - 372. Calculate the remainder when k is divided by 21.
20
Let k be 15/(-25) + 66/10. Let q be (-15)/10*(-8)/k. Calculate the remainder when 15 is divided by (-31 + 3)/(-4) + q.
6
Calculate the remainder when 153 is divided by -2 - -33 - (7 - 8)/1.
25
Let h(s) = -22*s - 27. What is the remainder when h(-5) is divided by 14?
13
Suppose -48 + 3 = -5*d. Let n be 8*4/160 + 674/5. Let b = n + -111. Calculate the remainder when b is divided by d.
6
Suppose 7*x + 4 - 81 = 0. Calculate the remainder when 128 is divided by x.
7
Let g(i) = i**2 + 8*i + 8. What is the remainder when 354 is divided by g(-9)?
14
Let a be (-4)/(-18) + 68/18. Let l = -6 - -11. Calculate the remainder when ((-26)/(-8))/(1/a) is divided by l.
3
Let q(s) = -98*s. Let a be q(-3). Suppose -2*h - t = -124, a = 5*h + t - 19. Calculate the remainder when h is divided by 13.
11
Let x(l) = 16*l + 320. Suppose -2*g - 2*h = -34, 4*g + 3*h - 65 = -0*g. What is the remainder when x(-14) is divided by g?
12
Let g = 36 + -117. Let b = -71 - g. Calculate the remainder when 18 is divided by b.
8
Let b = 20 + -16. Suppose -6*f + 2 = -5*f + w, -3*f + b*w = -41. Calculate the remainder when 10 is divided by f.
3
Let u be 1788/5 + (-2)/(-5). Suppose 2*r + 4*t = 818, -5*r + u = t - 1714. Suppose 6*s - r = s. Calculate the remainder when s is divided by 28.
27
Let j(n) = 3*n**2 + 26*n - 39. Calculate the remainder when j(-11) is divided by 19.
0
Let f(w) be the third derivative of w**4/24 + 8*w**3/3 + 2*w**2. Suppose -n = 2*n + 30. Calculate the remainder when 23 is divided by f(n).
5
Let o(j) = -j**2 + 11*j + 8. Let s(u) = 13*u + 2. Let p be s(-2). Calculate the remainder when (-6)/((-24)/(-5))*p is divided by o(11).
6
Let z = -137 + 211. Let q = z + -41. Calculate the remainder when q is divided by 18.
15
Let q = 212 - 114. What is the remainder when q is divided by 33?
32
Suppose 5*o - 3*i + 20 = 0, -3*i + 38 = -4*o - 5*i. Let g = 14 + -1. Let r = g + o. Calculate the remainder when 11 is divided by r.
5
Let y(b) = 5*b**2 - 2*b - 4. Let f be y(3). Suppose 3*g - f = -2*g. Suppose -11*h = -4*h - 189. What is the remainder when h is divided by g?
6
Let k = -2 - -2. Let u be 2/4 - 110/(-44). Suppose k = p + u*p - 40. Calculate the remainder when p is divided by 3.
1
Let n(k) = k**3 + 4*k**2 - 14*k + 3. Let o be -3 - (1/1 - -2). Let g = 52 + -25. Calculate the remainder when g is divided by n(o).
12
Let z(g) = -4*g - 4. Suppose 3*y - 190 = 2*y. Suppose -10*h + 5*h = -y. What is the remainder when h is divided by z(-6)?
18
Let q be (51/(-3) - 0)*1. Let a = 37 + q. What is the remainder when 16 is divided by (a/6)/5*9?
4
Let m(i) = 3*i**2 - 18*i + 57. What is the remainder when 159 is divided by m(6)?
45
Let u(r) = r**2 - 8*r - 7. Suppose 4*l = 21 + 11. What is the remainder when u(10) is divided by l?
5
Suppose d + 0 = -5*h - 9, 0 = 3*d + h - 1. Suppose -n + d + 7 = -5*a, 5*a = -n + 8. Suppose q + 37 = 2*q. Calculate the remainder when q is divided by n.
5
Suppose 5 = v, i - 6*i - 2*v = -35. Suppose i*l - 180 - 90 = 0. Let q(n) = 30*n - 2. Calculate the remainder when l is divided by q(1).
26
Let z(p) be the third derivative of -p**4/6 + 10*p**3/3 - 5*p**2. What is the remainder when z(-6) is divided by 23?
21
Let g = -74 + 85. Suppose 49 = 5*q - 4*c, -4*c + 0 = 4. Suppose 0 = g*b - q*b - 42. What is the remainder when b is divided by 6?
3
Calculate the remainder when ((-52)/6)/((-27)/567) is divided by 8.
6
Calculate the remainder when 40 is divided by 660/(-396)*(-6)/5.
0
Let r = 116 + -100. Suppose 5*c - 9 - r = 0. Let g(q) = -q**3 + q**2 - q + 12. What is the remainder when g(0) is divided by c?
2
Suppose -3*s - 57 = 3. Let a = s - -35. Calculate the remainder when 29 is divided by a.
14
Let n = 237 + -166. Let z(j) = -j. Let x(p) = p**3 + 14*p**2 - 4*p - 24. Let a(l) = x(l) - z(l). What is the remainder when n is divided by a(-14)?
17
Let r(k) = k**2 + 7*k + 1. Let y = 17 - 30. Let l = y + 46. Calculate the remainder when l is divided by r(-8).
6
Calculate the remainder when 368 + (-51)/(-12) + 1/(-4) is divided by 21.
15
Suppose -11*p - 7*p + 342 = 0. What is the remainder when p is divided by 13?
6
Let l(h) = -1 + 14*h + 0 - 48 - 4*h. Calculate the remainder when l(9) is divided by 15.
11
Let b(p) = p**3 - p**2 - 7*p - 6. Let z(t) = t**2 - t + 3. What is the remainder when b(4) is divided by z(3)?
5
Let x(m) = -m**2 + 6*m. Let k be x(6). Suppose -5*v + w + 2*w = 15, 5*w = 0. Calculate the remainder when 14 is divided by 7 + v - k - 1.
2
Let z(m) = -m**2 + 38*m - 100. Calculate the remainder when z(26) is divided by 25.
12
Suppose -4*b - g = -30, 39 = 5*b + 2*g - 0. Suppose b*a = 11*a - 16. Calculate the remainder when a is divided by 3.
1
Let g = 10 + -4. Let l be 0 + 3 - g/2. Suppose 3*v = -l*p + 4*p + 126, -9 = -3*p. What is the remainder when v is divided by 12?
10
Let u(y) = 6*y - 20. Let x be u(11). Let j = x - 7. Calculate the remainder when 74 is divided by j.
35
Suppose 0 = -x + 19 - 79. Let f = x - -151. Calculate the remainder when f is divided by 23.
22
Suppose 0 = 6*m + 10 - 4. Calculate the remainder when (-3)/(((-40)/42 - -1)/m) is divided by 16.
15
Suppose 17*s - 159 = -6. What is the remainder when 205 is divided by s?
7
Suppose 0 = -0*t - 5*t - 20. What is the remainder when 157 is divided by t/(-3)*(32 + -2)?
37
Suppose -6*j + 2 = 38. Let p = j - -27. What is the remainder when p is divided by 4?
1
Let i = -1418 - -1610. What is the remainder when i is divided by 30?
12
Suppose 5*y + 77 = 197. Suppose -4*n - 47 = -327. Calculate the remainder when n is divided by y.
22
Let k(c) = -8*c - 2 + 2*c**2 + c + 4*c**2. What is the remainder when k(4) is divided by 17?
15
Let x(h) be the second derivative of h**5/20 + h**4/4 - h**3/2 - 3*h. Let o be x(-6). Let b = o + 183. Calculate the remainder when b is divided by 32.
29
Calculate the remainder when 1/(-1)*(-8 + -1079 + 10) is divided by 12.
9
Suppose -3*m + 5 = -34. Let r = 293 + -153. What is the remainder when r is divided by m?
10
Let g(w) = -3*w - 3. Let j be g(-1). Suppose 2*l - 51 = -3*x, j*l + x = -5*l + 95. Calculate the remainder when 428/8 + 1/(-2) is divided by l.
17
Suppose -3*f + 4*u + 145 = 0, f = -4*f + 2*u + 251. Suppose -3*v + 4*m - 3 = -0, v - m = -1. Let p = f + v. Calculate the remainder when p is divided by 18.
14
Suppose -230 = -h - h + 2*v, 0 = 3*h - 4*v - 343. What is the remainder when 332 is divided by h?
98
Let f(j) = -j**3 - 26*j**2 + 118*j - 25. What is the remainder when 130 is divided by f(-30)?
25
Calculate the remainder when 124 is divided by 7/(42/108) + 2 + 1.
19
Suppose 0 = -2*r - 3*p + 329, -4*r = 2*p - 6*p - 628. Calculate the remainder when r is divided by 6.
4
Suppose -3*f = -34*s + 37*s - 36, 4 = s + 3*f. Calculate the remainder when 75 is divided by s.
11
Suppose -l + 0 + 3 = 0. Suppose 0 = l*t - 5*v + 2*v - 84, -4*t + 108 = -3*v. Calculate the remainder when 95 is divided by t.
23
Suppose 46 = 4*c - 2. What is the remainder when -415*((-14)/(-210))/((-2)/6) is divided by c?
11
Let x = 501 - 482. Calculate the remainder when 67 is divided by x.
10
Let h(u) = 5*u**2 + 5*u - 1. Suppose 50*r = -26*r + 1900. Calculate the remainder when h(-6) is divided by r.
24
Let r = 92 - 89. Suppose 0 = 3*n + r, 3*q - 3*n = 4 + 26. Calculate the remainder when 32 is divided by q.
5
Suppose 29*u - 6 = 26*u. Calculate the remainder when 32 is divided by u.
0
Suppose 3*a - 22 - 17 = -3*t, -2*t + 29 = a. Suppose 3*s - t = s. Let o = -6 - -21. Calculate the remainder when o is divided by s.
7
Let u(j) = 3*j - 77. Let f be u(27). Suppose -19 = -2*a - 3*b, 43 = f*a + a + 3*b. Calculate the remainder when 117 is divided by a.
5
Let u = -43 + -12. What is the remainder when (-10)/(-15)*-3 - u is divided by 14?
11
Suppose -4 - 36 = -4*h. Suppose a = 3*d - 2*d + 47, 5*a - 227 = d. What is the remainder when a is divided by h?
5
Suppose 9*j - 3136 = 4694. What is the remainder when j is divided by 35?
30
Suppose 423 = 5*w - 5*d + 2363, -3*d = 5*w + 1924. Calculate the remainder when 44 is divided by w/(-26) + (24/(-13) - -2).
14
Let h(r) be the first derivative of -r**3/3 - 3*r**2 - 2*r - 6. Let u be h(-7). Let o = u - -17. What is th